{"id":7791,"date":"2024-11-23T14:33:17","date_gmt":"2024-11-23T20:33:17","guid":{"rendered":"https:\/\/izcalli.com\/ropadelino\/?post_type=product&#038;p=7791"},"modified":"2024-11-23T18:04:47","modified_gmt":"2024-11-24T00:04:47","slug":"vestido-largo-de-algodon-con-olanes","status":"publish","type":"product","link":"https:\/\/izcalli.com\/ropadelino\/producto\/vestido-largo-de-algodon-con-olanes\/","title":{"rendered":"Vestido Largo De Algod\u00f3n Rojo Con Olanes"},"content":{"rendered":"<p>Haz una declaraci\u00f3n de elegancia y pasi\u00f3n con este espectacular vestido de algod\u00f3n rojo. Su dise\u00f1o entallado en la parte superior resalta la figura, mientras que los volantes escalonados en la falda aportan un movimiento y dinamismo que enamoran.<\/p>\n<p>Perfecto para eventos especiales o celebraciones, este vestido combina el estilo del algod\u00f3n con un dise\u00f1o contempor\u00e1neo que resalta el car\u00e1cter vibrante de la moda mexicana.<\/p>\n<ul>\n<li><strong>Material<\/strong>: Algod\u00f3n 100% natural, fresco y transpirable.<\/li>\n<li><strong>Detalles \u00fanicos<\/strong>: Olanes cuidadosamente dise\u00f1ados para un efecto sofisticado.<\/li>\n<li><strong>Versatilidad<\/strong>: Ideal para galas, bodas o eventos nocturnos.<\/li>\n<\/ul>\n<p><strong>Descubre el encanto del dise\u00f1o artesanal y luce una prenda que combina tradici\u00f3n y modernidad. \u00a1Elige destacar con Izcalli Stores!<\/strong><\/p>\n<p>#ModaSustentable #VestidosDeLino #EleganciaMexicana<\/p>\n","protected":false},"excerpt":{"rendered":"<p>Haz una declaraci\u00f3n de elegancia y pasi\u00f3n con este espectacular vestido de algod\u00f3n rojo. Su dise\u00f1o entallado en la parte superior resalta la figura, mientras que los volantes escalonados en la falda aportan un movimiento y dinamismo que enamoran. Perfecto para eventos especiales o celebraciones, este vestido combina el estilo del algod\u00f3n con un dise\u00f1o [&hellip;]<\/p>\n","protected":false},"featured_media":5168,"comment_status":"closed","ping_status":"closed","template":"","meta":{"_et_pb_use_builder":"","_et_pb_old_content":"","_et_gb_content_width":""},"product_brand":[],"product_cat":[28,39],"product_tag":[],"class_list":{"0":"post-7791","1":"product","2":"type-product","3":"status-publish","4":"has-post-thumbnail","6":"product_cat-mujer","7":"product_cat-vestidos","9":"first","10":"instock","11":"taxable","12":"shipping-taxable","13":"purchasable","14":"product-type-variable","15":"has-default-attributes"},"_links":{"self":[{"href":"https:\/\/izcalli.com\/ropadelino\/wp-json\/wp\/v2\/product\/7791","targetHints":{"allow":["GET"]}}],"collection":[{"href":"https:\/\/izcalli.com\/ropadelino\/wp-json\/wp\/v2\/product"}],"about":[{"href":"https:\/\/izcalli.com\/ropadelino\/wp-json\/wp\/v2\/types\/product"}],"replies":[{"embeddable":true,"href":"https:\/\/izcalli.com\/ropadelino\/wp-json\/wp\/v2\/comments?post=7791"}],"wp:featuredmedia":[{"embeddable":true,"href":"https:\/\/izcalli.com\/ropadelino\/wp-json\/wp\/v2\/media\/5168"}],"wp:attachment":[{"href":"https:\/\/izcalli.com\/ropadelino\/wp-json\/wp\/v2\/media?parent=7791"}],"wp:term":[{"taxonomy":"product_brand","embeddable":true,"href":"https:\/\/izcalli.com\/ropadelino\/wp-json\/wp\/v2\/product_brand?post=7791"},{"taxonomy":"product_cat","embeddable":true,"href":"https:\/\/izcalli.com\/ropadelino\/wp-json\/wp\/v2\/product_cat?post=7791"},{"taxonomy":"product_tag","embeddable":true,"href":"https:\/\/izcalli.com\/ropadelino\/wp-json\/wp\/v2\/product_tag?post=7791"}],"curies":[{"name":"wp","href":"https:\/\/api.w.org\/{rel}","templated":true}]}}