{"id":8121,"date":"2024-11-30T00:22:43","date_gmt":"2024-11-30T06:22:43","guid":{"rendered":"https:\/\/izcalli.com\/ropadelino\/?post_type=product&#038;p=8121"},"modified":"2024-11-30T00:22:43","modified_gmt":"2024-11-30T06:22:43","slug":"vestido-midi-bordado-color-vino-con-mangas-tres-cuartos-y-detalles-de-borlas","status":"publish","type":"product","link":"https:\/\/izcalli.com\/ropadelino\/producto\/vestido-midi-bordado-color-vino-con-mangas-tres-cuartos-y-detalles-de-borlas\/","title":{"rendered":"Vestido Midi Bordado Color Vino Con Mangas Tres Cuartos Y Detalles De Borlas"},"content":{"rendered":"<p>Un dise\u00f1o fresco y tradicional que resalta por su color vibrante y detalles bordados. Ideal para lucir c\u00f3moda y con estilo en cualquier ocasi\u00f3n.<\/p>\n<h3>Detalles del vestido:<\/h3>\n<ul>\n<li><strong>Color vino intenso:<\/strong> Perfecto para destacar con elegancia.<\/li>\n<li><strong>Bordados en tonos neutros:<\/strong> Acent\u00faan el dise\u00f1o con un toque artesanal.<\/li>\n<li><strong>Mangas tres cuartos y escote con borlas:<\/strong> Detalles que lo hacen \u00fanico y funcional.<\/li>\n<\/ul>\n<p><strong>Una prenda que combina tradici\u00f3n y modernidad para cualquier temporada.<\/strong><\/p>\n<p>#VestidoBordado #ColorVino #ModaTradicional<\/p>\n","protected":false},"excerpt":{"rendered":"<p>Un dise\u00f1o fresco y tradicional que resalta por su color vibrante y detalles bordados. Ideal para lucir c\u00f3moda y con estilo en cualquier ocasi\u00f3n. Detalles del vestido: Color vino intenso: Perfecto para destacar con elegancia. Bordados en tonos neutros: Acent\u00faan el dise\u00f1o con un toque artesanal. Mangas tres cuartos y escote con borlas: Detalles que [&hellip;]<\/p>\n","protected":false},"featured_media":8011,"comment_status":"closed","ping_status":"closed","template":"","meta":{"_et_pb_use_builder":"","_et_pb_old_content":"","_et_gb_content_width":""},"product_brand":[],"product_cat":[28,39],"product_tag":[],"class_list":{"0":"post-8121","1":"product","2":"type-product","3":"status-publish","4":"has-post-thumbnail","6":"product_cat-mujer","7":"product_cat-vestidos","9":"first","10":"instock","11":"taxable","12":"shipping-taxable","13":"purchasable","14":"product-type-variable","15":"has-default-attributes"},"_links":{"self":[{"href":"https:\/\/izcalli.com\/ropadelino\/wp-json\/wp\/v2\/product\/8121","targetHints":{"allow":["GET"]}}],"collection":[{"href":"https:\/\/izcalli.com\/ropadelino\/wp-json\/wp\/v2\/product"}],"about":[{"href":"https:\/\/izcalli.com\/ropadelino\/wp-json\/wp\/v2\/types\/product"}],"replies":[{"embeddable":true,"href":"https:\/\/izcalli.com\/ropadelino\/wp-json\/wp\/v2\/comments?post=8121"}],"wp:featuredmedia":[{"embeddable":true,"href":"https:\/\/izcalli.com\/ropadelino\/wp-json\/wp\/v2\/media\/8011"}],"wp:attachment":[{"href":"https:\/\/izcalli.com\/ropadelino\/wp-json\/wp\/v2\/media?parent=8121"}],"wp:term":[{"taxonomy":"product_brand","embeddable":true,"href":"https:\/\/izcalli.com\/ropadelino\/wp-json\/wp\/v2\/product_brand?post=8121"},{"taxonomy":"product_cat","embeddable":true,"href":"https:\/\/izcalli.com\/ropadelino\/wp-json\/wp\/v2\/product_cat?post=8121"},{"taxonomy":"product_tag","embeddable":true,"href":"https:\/\/izcalli.com\/ropadelino\/wp-json\/wp\/v2\/product_tag?post=8121"}],"curies":[{"name":"wp","href":"https:\/\/api.w.org\/{rel}","templated":true}]}}

<p>Un diseño fresco y tradicional que resalta por su color vibrante y detalles bordados. Ideal para lucir cómoda y con estilo en cualquier ocasión.</p>
<h3>Detalles del vestido:</h3>
<ul>
<li><strong>Color vino intenso:</strong> Perfecto para destacar con elegancia.</li>
<li><strong>Bordados en tonos neutros:</strong> Acentúan el diseño con un toque artesanal.</li>
<li><strong>Mangas tres cuartos y escote con borlas:</strong> Detalles que lo hacen único y funcional.</li>
</ul>
<p><strong>Una prenda que combina tradición y modernidad para cualquier temporada.</strong></p>
<p>#VestidoBordado #ColorVino #ModaTradicional</p>

<p>Un diseño fresco y tradicional que resalta por su color vibrante y detalles bordados. Ideal para lucir cómoda y con estilo en cualquier ocasión. Detalles del vestido: Color vino intenso: Perfecto para destacar con elegancia. Bordados en tonos neutros: Acentúan el diseño con un toque artesanal. Mangas tres cuartos y escote con borlas: Detalles que [&hellip;]</p>
